e prime factors of s?
2, 43
Let d = -4 - -21. Let z = d - 15. Suppose -z*c - 2*x - 1 = -3*x, 31 = 3*c + 5*x. List the prime factors of c.
2
Let c be ((-2)/(-12)*10 + 0)*3. Suppose -6 = -c*x - p, x + 17 - 3 = -4*p. List the prime factors of x.
2
Suppose 0 = 6*p - 1035 - 333. What are the prime factors of p?
2, 3, 19
Suppose -6*z + 3*z = 0. Suppose -2*k - 15 = -k + 5*d, -5*k - 2*d - 121 = z. List the prime factors of (-595)/k + 4/(-5).
23
Let o(j) = 10*j**2 - j - 4. Suppose 4*c + z - 5 = -0*z, -1 = 4*c - 5*z. Suppose -4*m = -9 + c. List the prime factors of o(m).
2, 17
Let g be (-2 + (-4)/(-3))/((-4)/72). Suppose -h = k - 2*h - g, 36 = 3*k - 2*h. What are the prime factors of k?
2, 3
Let c be (1 + 3/(-3))/(-3). Let l be -1 + 1 + c - 8. Let k = l - -14. List the prime factors of k.
2, 3
What are the prime factors of ((-327)/2)/(285/(-60) + 4)?
2, 109
Let x = 9 + -7. Suppose -4*l + 22 = f, x = -l - 5*f + f. List the prime factors of l.
2, 3
Let k(r) = 3*r**3 - 8*r**2 + 6. Let s(f) = -4*f**3 + 7*f**2 - 6. Let a(q) = 3*k(q) + 2*s(q). Let w be a(10). Let n = 8 - w. List the prime factors of n.
2
Let r(i) = 11*i**3 - i**2. Let a be r(-1). Let q = -16 - a. Let m(c) = -10*c - 1. List the prime factors of m(q).
3, 13
Let x = 3115 - 1814. What are the prime factors of x?
1301
Suppose u - z = -4*u + 14, -3*u = 5*z - 14. Suppose -25 - 368 = u*p. Let t = -75 - p. List the prime factors of t.
2, 7
Suppose 0 = -50*f + 19995 + 51805. List the prime factors of f.
2, 359
Let n(t) = -t**3 - t**2 - t - 265. Let i be n(0). Let a = 100 + i. List the prime factors of 16/(-6)*a/10.
2, 11
Let i be (-88)/20 + 15/(-25). Suppose -5*h + 4*u - 28 = -134, -5*h = 4*u - 74. Let j = h + i. List the prime factors of j.
13
Let c(m) = m**3 + 11*m**2 - 2*m - 6. Let r be c(-11). Suppose -2*d + r = -3*d + 5*p, -4*p + 12 = -d. What are the prime factors of (-2)/(-2) + (29 - d)?
2, 13
Let o = 1360 + -957. Suppose o = 5*g - s, 3*g + 4*s - s = 249. List the prime factors of g.
3
Let w(z) = -4*z. Let g be w(1). What are the prime factors of (g + 470/15)*3?
2, 41
Suppose 46 = -4*f + 2*m, 4*f + 5*m + 5 = 2*f. Let b(y) be the first derivative of y**4/4 + 11*y**3/3 + 7*y**2/2 - 5*y - 1. List the prime factors of b(f).
5
Let j(x) = 19*x + 31. What are the prime factors of j(15)?
2, 79
Let a(w) = -w - 22. Suppose -5*c = -c + 52. Let n be a(c). List the prime factors of 51 - 2 - (n - -9).
7
Suppose -288 - 20 = 11*v. Let s be 2/(-8) - (-157)/4. Let l = v + s. List the prime factors of l.
11
Suppose 0 = 15*p - 29*p + 13510. What are the prime factors of p?
5, 193
Let b(g) be the second derivative of -1/6*g**3 + 1/12*g**4 + 0 + 7/2*g**2 + 4*g. List the prime factors of b(0).
7
Let c = -542 + 934. What are the prime factors of c?
2, 7
Suppose -2*m + 6*m = 56. Let o = -14 + m. Suppose -125 = -5*r - o*r. What are the prime factors of r?
5
Let v be -1*(-2)/(-6)*0. Suppose 0 = 5*j + 3*y - 25, -5*j + 2*y = -v*y. Suppose 3*f + c - 2*c = 31, -j*c + 19 = 3*f. List the prime factors of f.
3
Let t(b) be the second derivative of 8*b + 1/6*b**3 + 0 + 2*b**2. List the prime factors of t(5).
3
Let l = 457 + 74. What are the prime factors of l?
3, 59
Let l(t) = 3*t - 17. Let h be l(7). Suppose 2*b - 6*b + 3*s + 8 = 0, -16 = -h*s. What are the prime factors of b?
5
Let n(y) = -6*y**3 - 7*y**2 - 3*y + 5. What are the prime factors of n(-5)?
5, 7, 17
Let p(y) be the second derivative of 7*y**3/6 + 3*y**2 + 13*y. What are the prime factors of p(2)?
2, 5
Suppose 3*s + s = 12. Suppose s*t - 6 = -3*k - 3, 4*t + 32 = 5*k. Suppose 2 = k*l - 14. List the prime factors of l.
2
Let b = -20 - -30. Let q(i) = -2*i**3 + 18*i**2 + 9*i - 8. Let g(l) = -l**3 + 9*l**2 + 5*l - 4. Let x(t) = -7*g(t) + 3*q(t). What are the prime factors of x(b)?
2, 3
Suppose -12*u = -11*u - 103. Suppose 2*s = -2*y + 108, -2*s + 5*y + u = 2*y. List the prime factors of s.
53
Let m be 1 + -1 - 96/(-12). List the prime factors of m/44 - (-878)/11.
2, 5
Let s(n) = 3*n**2 + 5*n + 8. Suppose 48*t = 43*t + 25. What are the prime factors of s(t)?
2, 3
Let f = -9 + 3. What are the prime factors of (-4 - (f + 3))*-46?
2, 23
Let p = 5 + -7. Let c(s) = -s**3 - 4*s**2 + 16*s + 124. Let a be c(-6). List the prime factors of 1/p*a/(-1).
2, 5
Suppose -7*m + 2*m = -915. Suppose 5*k - 3*y - m - 882 = 0, -4*y = 20. Suppose -87 = 3*t - k. List the prime factors of t.
41
Suppose 416 = 2*g + 11*g. List the prime factors of g.
2
Let a(r) = -r**3 - 5*r**2 + 3. Let t be (60/(-18))/((-4)/(-6)). Let o be a(t). Suppose -o*k - 54 = -6*k. List the prime factors of k.
2, 3
Suppose 15*h - 60 = 3*h. Suppose h*t = -5*c + 650, t - 16 = c + 118. List the prime factors of t.
2, 3, 11
Suppose 3*o + x = 641, -3*o + x = 2*o - 1079. List the prime factors of o.
5, 43
Let v be (20 + -3)/((-1)/11). Let b = v - -312. What are the prime factors of b?
5
List the prime factors of (2 + 0 - -4566) + 180/(-45).
2, 7, 163
Let d be (-1)/(-3 - (-10)/4). Suppose 3*n - 5*g = -3*g + 45, -28 = -2*n + d*g. What are the prime factors of n - (-12)/(-4)*1?
2, 7
Let c(g) = -g**3 - 8*g**2 - 7*g + 2. Let t be c(-7). Suppose 4*d - 3*d + 112 = 4*f, -f - t*d = -19. List the prime factors of f.
3
Let z(h) = 40*h**3 - 4*h**2 - h + 25. List the prime factors of z(4).
3, 839
Suppose 6*h - 3*h = 126. Suppose -9 = -3*k - h. Let b = k - -19. What are the prime factors of b?
2
Suppose -6 = -2*d, 4*q - 2*d = d + 2031. Suppose -6*v + q = 78. List the prime factors of v.
2, 3
Suppose 17*f = 4*q + 94710, -6*q + 3*q = 4*f - 22265. List the prime factors of f.
2, 5, 557
Let o be (-16 + 11)*2/(-2). Suppose f = 3*y + 128, -f - 534 = -o*f + y. List the prime factors of f.
2, 67
Let h = -1660 + 2350. What are the prime factors of h?
2, 3, 5, 23
Let g = 20 + -20. Suppose g = 7*l - 72 - 5. Suppose -281 = -5*h - l. List the prime factors of h.
2, 3
Let a be 171/33 + (-6)/33. Let l = 7 - a. Let d = 5 - l. List the prime factors of d.
3
Suppose -1680 + 86 = -2*v - 2*w, 0 = -4*w + 20. List the prime factors of v.
2, 3, 11
List the prime factors of ((-22)/33)/((-1619)/1617 + 1).
7, 11
Let r(n) be the first derivative of 7*n**2/2 - 34*n - 18. List the prime factors of r(9).
29
Let h(v) = -2 + 3 - 12 - 6*v + 10*v. Let c be (1 + 2)/(6/20). List the prime factors of h(c).
29
Suppose 0 = -4*v - 2*u + 844, -v + 5*u + 74 + 115 = 0. Suppose -y + 92 = 4*a, 4*a + 99 + v = 4*y. What are the prime factors of y?
2, 5
Suppose -5*z - 5*r + 10*r = -170, 0 = z + r - 40. Suppose -z = 4*c - 133. Suppose -c = -u - 0. List the prime factors of u.
2, 3
Let d = 93 + -70. Suppose 4*g = g + j + 93, 0 = -g + 3*j + d. What are the prime factors of g?
2
Suppose 2559 - 367 = 4*f. What are the prime factors of f?
2, 137
Let j = -139 + 142. Suppose 0*z = -z. Suppose j*y - 102 = -z*y. What are the prime factors of y?
2, 17
Let b(o) = 3*o**3 + 18*o**2 - 29*o + 4. What are the prime factors of b(8)?
2, 3, 5, 41
Let c = -57 + -117. Let m = -290 - c. What are the prime factors of (m - -2)/(-3) + -3?
5, 7
Let o be (9/(-18))/((-3)/990). Suppose -4*u = -n - 220, 2*n + n + o = 3*u. List the prime factors of u.
5, 11
Suppose 207 + 633 = 6*d. What are the prime factors of (-1*32 + 2)*d/(-50)?
2, 3, 7
Let v be (4 + 4)/((-10)/5). What are the prime factors of (-3008)/(-20) + v/10?
2, 3, 5
Let z(v) = 4*v**2 - 26 - 3*v**2 + 70 - 2*v. What are the prime factors of z(0)?
2, 11
Suppose -4*p + o + 4183 = -3776, 0 = 5*p - o - 9949. List the prime factors of p.
2, 5, 199
Let h(g) = -5 - g - 2 + g**2 + 4*g**3 + 8. Let q be h(1). Suppose -q*k = -2*l + 2, 18 = -l + 5*l - 3*k. List the prime factors of l.
2, 3
Let t = 3765 + -1865. What are the prime factors of t?
2, 5, 19
Suppose 7061 = -470*i + 472*i + 3*d, 2*d + 6 = 0. List the prime factors of i.
5, 7, 101
Let t(r) = 7*r**2 - 14*r + 41. List the prime factors of t(11).
2, 367
Suppose -2*o = 5*a - 2*a + 69, 103 = -4*a + o. What are the prime factors of -2 + 2 - (7 + a)?
2, 3
Suppose -5*q = -2*a - 2*a - 19, 0 = q - 3. What are the prime factors of a*(68/12 + -2)*-30?
2, 5, 11
Let i = 1239 - 454. List the prime factors of i.
5, 157
Let w = -17 - -22. Let k = 10 - w. Suppose -2*d - k*s + 82 = -s, -68 = -2*d + 3*s. List the prime factors of d.
37
Let i be (-3)/2 + (-274)/4. Let g = -16 - i. Suppose -5*m + g = -3*m. List the prime factors of m.
